-215*r + 151*r = -128. Give h(r).
-5
Let f(y) = 11*y**2 - 21*y - 9. Let v(m) = 13*m**2 - 23*m - 9. Let t(l) = 7*f(l) - 6*v(l). Give t(-10).
-19
Let v(a) = -a**2 - 11*a - 4. Let i be v(-6). Suppose -4*x + 4 = -32. Suppose -i = x*y - 71. Let p(c) = c**2 - 4*c + 6. Give p(y).
11
Let y(m) = -m**3 + 5*m**2 - m - 1. Let g be (-26)/182 - 3600/(-14). Let v = g + -252. Calculate y(v).
-6
Let g(h) = 44*h**2 + 42*h**2 - 87*h**2. Let r(f) = f**3 - 3*f**2 + 6*f - 2. Let n(c) = -4*g(c) - r(c). Give n(6).
2
Let y(t) = t**2 + 16*t + 33. Let c be y(-14). Let n(z) = -z - 9. Let b(k) = k + 12. Let m(w) = c*b(w) + 6*n(w). Calculate m(-9).
15
Let z = -148 + 29. Let p = z + 127. Let b = p + -1. Let l(s) = -s + 5. Calculate l(b).
-2
Let q(r) be the second derivative of -3*r**5/10 - 5*r**3/6 - 3*r**2/2 + 7*r - 284. Determine q(-2).
55
Let t = -9956 + 9964. Let j(v) = v**3 - 5*v**2 - 24*v + 3. What is j(t)?
3
Let s(m) be the second derivative of m**5/60 + m**4/4 - 203*m**3/6 - 234*m. Let n(u) be the second derivative of s(u). What is n(0)?
6
Let j(u) be the first derivative of -u**3/3 + 7*u**2/2 - 67*u - 5129. Determine j(0).
-67
Let q be 322/21 + -14 + 5/((-30)/(-16)). Let r(c) = -4*c**2 + 3 - 7*c + 3*c**2 + c**2 + c**2. Give r(q).
-9
Let g(m) = -5 + 2*m + 4*m - 134*m**3 - 126*m**3 + 261*m**3 - 8*m**2. Give g(8).
43
Let n(v) = -56*v**2 + 242*v**2 - 60*v**2 - 50 + 20*v - 69*v**2 - 56*v**2. Give n(-16).
-114
Let n(r) = r**3 - r**2 + 2*r - 2. Let s be 0 - ((-4)/(-5))/(6/(-30)). Suppose 0 = -18*c + 16*c + s. What is n(c)?
6
Suppose -33 = -5*j - 18. Let w(b) = -10*b + 7. Let m(s) = -10*s + 5. Let v(a) = j*w(a) - 4*m(a). Calculate v(-1).
-9
Let z(w) be the third derivative of -w**6/120 + w**5/5 - 7*w**4/24 - 13*w**3/6 + 405*w**2. Give z(11).
31
Let f = 28 + -27. Let v(a) = 7*a - 6*a + f - 2*a. Suppose -30*w + 18 = -24*w. What is v(w)?
-2
Let g = -71 + 74. Let n(c) = 12*c**2 + c**g - 17*c**2 + 11 - c + 0*c**3. What is n(5)?
6
Let q(f) be the first derivative of f**4/4 + 13*f**3/3 - 5*f**2/2 - 30*f - 1641. Calculate q(-13).
35
Suppose 15 = -3*y + g, 4*y = g - 3*g - 30. Let z be (2 + y)/(0 - 1). Let k(t) = 2*t + 4 - 3*t**2 - 27*t + 21*t + 4*t**2. Calculate k(z).
4
Let c(q) be the first derivative of q**4/4 + 7*q**3/3 + 5*q**2/2 - 3. Let w(s) = 4*s**3 + 38*s**2 + 18*s - 6. Let v be w(-9). Calculate c(v).
6
Let i(s) = 5*s. Let w be i(-1). Let q(f) be the first derivative of f**3/3 + 7*f**2/2 + 3*f - 259. Give q(w).
-7
Suppose -21*z = -16*z + 31*z - 252. Let d(x) = 2*x - 20. What is d(z)?
-6
Let m(c) = 22*c - 5. Let k(s) = 4*s + 2. Let f(q) = -6*k(q) + m(q). Calculate f(10).
-37
Let m = 21266 + -21270. Let q(a) = -4*a**3 - 17*a**2 - 2*a - 4. Give q(m).
-12
Let u(s) = -5010*s + 365 - 338 + 4978*s. Determine u(1).
-5
Let z(j) = -4*j**3 + 24*j**2 + 2*j + 68. Let w(k) = k**3 - k**2 + 3*k - 6. Let d(c) = -6*w(c) - z(c). Determine d(-8).
0
Let d(w) be the third derivative of -w**6/360 - w**5/60 - 7*w**4/24 + 13*w**3/3 + 24*w**2 + 2. Let j(u) be the first derivative of d(u). Give j(0).
-7
Suppose 2*o = 5*l - 73, -16*l - 2*o + 44 = -12*l. Let u(m) = m + 23. Determine u(l).
36
Suppose -3*k - 2*n - 146 = 78, k - 5*n = -69. Let s = 96 + k. Suppose 0 = -b + s - 31. Let t(d) = -d - 13. Calculate t(b).
-4
Let j be (-2)/(-5) + (-24)/10. Let k(p) = -440*p - 76. Let r be k(-13). Let g(v) = r + v**3 - 5645 - 2*v**3. What is g(j)?
7
Let a(g) = g**2 + 13*g + 40. Let o = -4809 + 4797. Give a(o).
28
Let v = 2934 - 2922. Let x(l) = 8*l - 8. Determine x(v).
88
Let o = 46 + -107. Let w = o + 64. Let n(m) = 9 - m - 1 - w*m + 3*m. Calculate n(5).
3
Let t(c) = -c**3 - c**3 - 5*c**2 + 0*c**3 - 2*c + 3. Let j be t(-3). Suppose -j = 3*u - 3. Let n(g) = g**3 + 6*g**2 + 7*g + 1. Determine n(u).
-9
Let i(x) be the second derivative of -2*x**3 + 15*x. Let u be (55/33)/((-5)/(-3)). Calculate i(u).
-12
Let m(h) = -h**2 + 41*h - 285. Let y be m(9). Let c(b) = -b**2 - 8*b + 33. Calculate c(y).
0
Let c(w) = w - 7. Let i(k) = -3*k - 26. Let s be i(-4). Let h = 14 + s. Suppose -3*a - 10 = -1, h = -2*d - 2*a. Calculate c(d).
-4
Suppose -5*a = -k - a + 116, -3*a + 318 = 3*k. Let y be ((-2)/6*-4)/(72/k). Let s(u) = 4*u**2 + u - 2. Calculate s(y).
16
Let n(x) = x**3 + 13*x**2 + 12*x + 5. Let o be n(-12). Let p(h) be the third derivative of 14*h**2 + 0*h - 7/6*h**3 + 1/24*h**4 + 0. Give p(o).
-2
Suppose 33*m - 26 = 35*m. Let b(i) = -2*i - 25. Let j(c) = 4*c + 52. Let y(v) = 5*b(v) + 2*j(v). Calculate y(m).
5
Let a(v) be the first derivative of v**4/4 + 28*v**3/3 - 91*v**2/2 + 55*v + 3598. What is a(-31)?
-7
Let v(m) = -24*m**2 + 6*m - 7. Let r be v(-5). Let i = -619 - r. Let s(o) = o**3 - 18*o**2 - o + 24. Give s(i).
6
Let w(o) = 23*o**2 + 140*o + 466. Let v(d) = 4*d**2 + 23*d + 78. Let b(l) = -17*v(l) + 3*w(l). Give b(-26).
-6
Let s(u) = -2*u**2 + 1 - 2*u - 11*u**2 + 2*u. Let b be (-819)/(-126)*(6 + -7)/(13/(-4)). Calculate s(b).
-51
Let v(c) = c**2 + 2*c + 1. Let b be (4 - -1)/(2 + -3). Let l be 2*(b/2 - -2). Let w be l + (-3 - 1)/4. Give v(w).
1
Let t(s) = 180 - s - 43 - 51 - 34 - 35. Determine t(5).
12
Suppose 4*v = 3*w + 4, 0 = 2*w + 4*v - 14 - 10. Let b(z) = -11 + 5*z**3 - 100*z**2 - 12*z + 89*z**2 - w*z**3. Determine b(12).
-11
Let v(p) = -p**3 + p**2 + 10*p + 5. Suppose 8*i - 6*i - m - 4 = 0, 2*i + 3*m = 28. Calculate v(i).
-45
Let r(g) = g**2 + 9*g - 1. Let z be 9/(-4) - 6/8*1. Let a be -1 + (-6 - z) - (-35)/(-7). Give r(a).
-1
Let l = 122 - 116. Let o(d) = -l + d**2 - 12*d + 2 + 7 + 6. What is o(7)?
-26
Let z(j) = 13*j + 18. Let q = 1421 + -1423. Give z(q).
-8
Let o(p) = 142*p - 434. Let i be o(3). Let k(x) be the second derivative of -x**5/20 - 2*x**4/3 - 11*x**2/2 + x. Calculate k(i).
-11
Let v be ((0*4/(-4))/(-1))/1. Suppose -3*h + 31 = -5*d, 0*d - 3*d + 12 = v. Let q(z) = z - 11. Determine q(h).
6
Suppose -3*v = -11 + 2. Suppose 12 = 3*l - v. Let z(x) = -4*x + 7. Give z(l).
-13
Let r(i) = -i - 4. Let l be (33/(-44))/((-1)/32) + 5. Suppose 4*a = -2*m - 24, 2*a = -2*m - l + 11. Determine r(m).
2
Let w(y) be the first derivative of y**3/3 + 9*y**2/2 - 5*y + 724. Suppose 2 = -5*b - 4*d, 5*b + d = -4*d - 5. Let a be b/(-7) + (-160)/28. Calculate w(a).
-23
Suppose -305 - 130 = -63*o + 6. Let p(l) = 2*l**2 + 9*l - 1. Let a(z) = -3*z**2 - 10*z + 2. Let b(j) = -3*a(j) - 4*p(j). What is b(o)?
5
Suppose -38 = 2*k + 5*s, -4*k + 6 - 62 = 5*s. Let l(f) = 2*f**3 + 22*f**2 + 39*f. Give l(k).
-27
Let x(l) = -14*l + 26 - 17 - 24. Let b(s) = 12*s + 12. Let q(v) = -4*b(v) - 3*x(v). Determine q(3).
-21
Let h(k) = k**3 - 12*k**2 - 13*k - 3. Let i = -5018 - -5031. Give h(i).
-3
Let v(z) be the third derivative of 0 + 0*z**3 + 0*z - 1/720*z**6 + 12*z**2 - 35/24*z**4 - 1/120*z**5. Let x(f) be the second derivative of v(f). Give x(7).
-8
Let v(l) = -7*l + 2. Let g be v(0). Let f(y) = 26 - g*y + 9*y - y**2 - 17. Determine f(7).
9
Let z(c) be the first derivative of 45 + 13*c + 3*c**2 - 1/3*c**3. Give z(10).
-27
Let s(y) = y + 7. Let j(a) = -a - 7. Let f(t) = -t**2 - 7*t - 5. Let g be f(-2). Let q(z) = g*s(z) + 6*j(z). Suppose -18*u - 70 = -4*u. What is q(u)?
-2
Suppose 398*r - 3476 = 2494. Let o(h) = -2*h**2 + 37*h + 19. Let a(q) = -q**2 + 18*q + 9. Let j(y) = -7*a(y) + 3*o(y). Determine j(r).
-6
Let m = -3001 - -2995. Let p(y) = -y**2 - 8*y - 24. What is p(m)?
-12
Suppose 5*w + 2 = -58. Let l(a) be the second derivative of -a**5/20 - 13*a**4/12 - 11*a**3/6 + 7*a**2 + 48408*a. Give l(w).
2
Let w(r) = 2*r - 42. Suppose 37*x - 308 = 23*x. Calculate w(x).
2
Let i(h) = 328*h - 1290*h + 327*h + 42 + 326*h + 318*h. Let q be i(-6). Let w(b) = 2*b + 20. What is w(q)?
-4
Suppose 6*w - 4*q = 18, 79*w = 76*w - 5*q + 51. Let x(h) = h**3 - 5*h**2 + 2*h - 12. Calculate x(w).
100
Let c(o) = -o**2 + 56*o - 748. Let y be c(22). Let j(a) = -a - 11. Let l(g) = 1. Suppose -b = -0 + 6. Let v(u) = b*l(u) - j(u). Calculate v(y).
5
Let x(k) be the first derivative of -2*k**3/3 + 3*k**2/2 - k - 239. Let g(j) = -5*j**2 + 5*j + 4. Let d(z) = g(z) - 2*x(z). Give d(-3).
0
Let y(w) = w**3 - 20*w**2 + 7*w - 136. Let h be 135 - 109 - (0/7 - (-8 - -2)). Calculate y(h).
4
Let t(f) be the third derivative of 0 + 1/60*f**5 + 0*f**3 + 1/6*f**4 + 0*f - 303*f**2. Calculate t(4).
32
Let w(q) = q**3 + 2*q**2 - 3*q + 2. Let d(s) = -s**2 + 10*s - 5. Let z be d(7). Suppose 4*